).
-200
Let g(z) = -97*z + 107. Calculate g(1).
10
Let z(a) = -a**2 - 220*a + 34. Give z(0).
34
Let z(b) = -3*b**3 - 4*b**2 - 11*b - 16. Give z(-2).
14
Let i(d) = -103*d + 3606. Determine i(35).
1
Let p(d) = 2*d**3 - 10*d**2 - 26*d - 3. What is p(7)?
11
Let a(m) = -75*m + 1195. Calculate a(16).
-5
Let h(o) = 44*o + 474. Give h(-8).
122
Let j(c) = -30*c**3 + 3*c + 3. What is j(-1)?
30
Let a(b) = b**2 + 30*b + 67. Determine a(0).
67
Let p(x) = 2*x**3 - x**2 + 3*x + 4. Give p(-5).
-286
Let d(w) = w**2 + 25*w - 1302. Calculate d(-51).
24
Let o(x) = 15*x**3 - 4*x**2 - 5*x - 3. Calculate o(-1).
-17
Let g(r) = r**2 - 17*r - 146. Determine g(0).
-146
Let d(v) = -2*v**3 - 8*v**2 + 51*v + 89. Determine d(-7).
26
Let j(p) = -7*p + 138. Give j(6).
96
Let n(d) = -113*d + 1686. What is n(15)?
-9
Let n(k) = 8*k**2 + 542*k - 130. Give n(-68).
6
Let t(q) = -304*q**2 - 10*q + 1. Give t(-1).
-293
Let z(h) = 79*h**2 - 800*h + 9. Calculate z(10).
-91
Let m(z) = 10*z**3 + 3*z**2 + 10*z + 7. Calculate m(-1).
-10
Let f(v) = 2*v**2 + 22*v + 111. Calculate f(-12).
135
Let l(h) = -13*h + 188. Give l(13).
19
Let l(i) = i**3 - i**2 - 42*i + 38. What is l(5)?
-72
Let n(m) = -2*m**3 + 30*m**2 + 58*m - 4. Calculate n(-2).
16
Let n(f) = -8*f**2 - 36*f + 13. Calculate n(-6).
-59
Let w(g) = g**3 - 9*g**2 - 22*g + 5. Determine w(11).
5
Let o(j) = j**3 + 11*j**2 + 14*j - 18. Determine o(-8).
62
Let l(u) = -6*u + 3. What is l(4)?
-21
Let r(l) = 45*l + 578. Give r(-13).
-7
Let k(h) = 4*h**2 + 50*h - 366. Determine k(7).
180
Let u(y) = 12*y + 336. What is u(-27)?
12
Let a(y) = y**2 - 69*y + 1237. What is a(30)?
67
Let w(l) = -19*l + 67. What is w(-12)?
295
Let x(a) = -319*a + 1278. Give x(4).
2
Let j(y) = -10104*y + 60635. Give j(6).
11
Let f(q) = -2*q**3 + 13*q**2 - 29*q. Determine f(4).
-36
Let x(h) = -h**3 + h**2 + 33*h + 85. What is x(-3)?
22
Let o(r) = 22*r**2 + 3013*r - 154. Calculate o(-137).
-17
Let n(y) = y**2 + 2*y + 19. Give n(7).
82
Let p(i) = -21*i**2 - 540*i - 3397. Calculate p(-11).
2
Let k(z) = -39*z + 125. What is k(4)?
-31
Let x(q) = 19*q**3 - 384*q**2 - 386*q. What is x(-1)?
-17
Let p(d) = d**3 + 23*d**2 - 1764*d - 218. What is p(-55)?
2
Let j(o) = -o**3 - 37*o**2 + 651*o - 3. Determine j(13).
10
Let l(b) = -73*b + 744. What is l(10)?
14
Let u(m) = 2*m**3 + 2*m**2 + 100*m - 100. What is u(1)?
4
Let x(d) = 115*d - 66. What is x(1)?
49
Let r(m) = -m**3 - 30*m**2 + 137*m + 28. What is r(-34)?
-6
Let h(d) = -d**3 + 7*d**2 + 13*d - 134. Determine h(6).
-20
Let k(w) = -8*w**2 + 3*w + 9. What is k(-2)?
-29
Let s(f) = -f**3 - 50*f**2 + 48*f - 106. What is s(-51)?
47
Let s(y) = -19*y + 77. Give s(10).
-113
Let k(f) = 2*f**3 - 4*f**2 + 57*f - 108. Determine k(2).
6
Let d(s) = 8756*s - 8752. Calculate d(1).
4
Let u(d) = d**3 + 48*d**2 + 539*d + 368. Determine u(-31).
-4
Let b(r) = -r**3 + 24*r**2 + 32*r + 19. Determine b(25).
194
Let f(w) = 7*w**3 + 27*w**2 - 2*w - 12. What is f(-5)?
-202
Let o(f) = f**3 - 43*f**2 + 398*f - 142. Determine o(30).
98
Let a(x) = 2*x**3 + 29*x**2 + 101*x + 13. What is a(-9)?
-5
Let m(y) = -y**2 + 8*y + 119. Determine m(11).
86
Let k(z) = 2*z**3 + 5*z**2 - 20*z + 8. Calculate k(-7).
-293
Let c(l) = 3*l**2 - 182*l - 1961. Give c(70).
-1
Let k(x) = 1073*x - 2143. What is k(2)?
3
Let q(d) = d**2 + 91*d + 124. Give q(-89).
-54
Let x(w) = 2*w**3 + 19*w**2 - 9*w + 251. Calculate x(-11).
-13
Let q(t) = 1952*t - 20. Determine q(0).
-20
Let c(j) = j**3 - 154*j**2 - 487*j + 2504. Give c(157).
-8
Let s(f) = 3*f**2 + 628*f - 419. Give s(-210).
1
Let n(h) = 189*h - 6576. Give n(35).
39
Let u(d) = -43*d - 318. Give u(-8).
26
Let b(s) = 2*s**3 + 5*s**2 - 57*s - 109. What is b(-2)?
9
Let t(h) = -2*h**2 - 45*h - 267. Determine t(-15).
-42
Let b(x) = -5*x**3 + 98*x**2 + 34*x + 125. Determine b(20).
5
Let n(l) = -219*l - 919. Give n(-4).
-43
Let g(z) = 88*z - 28. What is g(-2)?
-204
Let h(v) = -v**3 + 14*v**2 + 10*v - 19. Determine h(15).
-94
Let p(k) = -34*k**2 - 746*k + 40. What is p(-22)?
-4
Let c(k) = -7*k + 16. Give c(38).
-250
Let w(a) = a**3 - 4*a**2 - 21*a + 9. Give w(8).
97
Let m(s) = -629*s - 5022. What is m(-8)?
10
Let h(r) = -r**2 - 306*r + 11900. Calculate h(35).
-35
Let v(i) = 2*i**3 - 31*i**2 + 92*i - 39. Calculate v(3).
12
Let j(v) = 4*v**3 + 31*v**2 - 40*v + 52. Calculate j(-9).
7
Let i(t) = -2*t**3 - 19*t**2 - 29*t + 11. Give i(-2).
9
Let y(f) = -143*f + 19751. Determine y(138).
17
Let c(f) = -f**2 + 54*f - 232. Determine c(5).
13
Let s(y) = -40*y**2 + 838*y + 50. Determine s(21).
8
Let g(j) = -j**3 - 119*j**2 - 1562*j - 231. Give g(-104).
-23
Let l(o) = 15*o + 1248. Calculate l(-81).
33
Let y(o) = -10*o**2 + 138*o + 10. Determine y(13).
114
Let u(a) = 12*a + 24. Determine u(10).
144
Let q(s) = s**3 - 17*s**2 - 197*s - 130. What is q(25)?
-55
Let p(n) = -10*n**2 - 677*n + 28. Give p(-68).
-176
Let g(b) = -b**3 - 27*b**2 + 28*b - 28. Give g(-28).
-28
Let y(i) = i**2 - 70*i - 786. Determine y(-10).
14
Let l(j) = -92*j - 4322. What is l(-49)?
186
Let w(a) = -a**2 + 216*a - 3748. Give w(19).
-5
Let w(n) = -3*n**2 - 2*n + 31. Calculate w(8).
-177
Let j(q) = 106*q - 704. Give j(7).
38
Let t(y) = -45*y - 1929. Calculate t(-43).
6
Let m(k) = k**3 - 17*k**2 - 47*k - 6. What is m(20)?
254
Let l(k) = k**3 - 62*k**2 - 194*k - 140. What is l(65)?
-75
Let i(g) = -g**2 + 13*g + 599. Determine i(-18).
41
Let m(q) = q**2 - 11*q + 15. Calculate m(5).
-15
Let m(k) = -3*k**3 + 226*k**2 - 80*k + 375. Calculate m(75).
0
Let w(y) = -48*y - 6521. What is w(-136)?
7
Let b(z) = 130*z - 1165. Calculate b(9).
5
Let f(a) = 4*a**2 - 1277*a - 5164. What is f(-4)?
8
Let w(s) = -75*s + 9980. Calculate w(133).
5
Let x(u) = -u**3 - 85*u**2 - 143*u - 4996. Calculate x(-84).
-40
Let q(f) = -614*f + 15943. Determine q(26).
-21
Let g(r) = 3*r**2 - 26*r - 48. Calculate g(10).
-8
Let p(i) = 426*i - 6562. Calculate p(16).
254
Let y(g) = -1516*g + 9210. Determine y(6).
114
Let y(a) = a**2 + 23*a - 748. Give y(-40).
-68
Let h(v) = -v**2 + 30*v - 63. Determine h(28).
-7
Let m(q) = q**3 - 47*q**2 - 82*q + 1581. Give m(48).
-51
Let x(c) = -9*c + 203. Give x(20).
23
Let g(n) = 3*n**2 + 193*n + 2953. Give g(-25).
3
Let a(o) = -148*o**3 + o**2 - 26*o - 26. Give a(-1).
149
Let d(y) = y**2 + 50*y + 24. What is d(-44)?
-240
Let g(j) = j**3 - 86*j**2 + 83*j + 185. Determine g(85).
15
Let f(l) = 2*l - 113. What is f(-12)?
-137
Let h(t) = 36*t**2 - 33*t + 97. Give h(4).
541
Let w(o) = 4*o**2 - 9*o. What is w(7)?
133
Let p(h) = -3*h**2 - 33*h - 31. Give p(-10).
-1
Let p(o) = -o**3 - 10*o**2 - 44*o + 16. Calculate p(-7).
177
Let g(c) = 259*c - 14779. Give g(57).
-16
Let s(z) = -99*z + 89. Give s(2).
-109
Let l(f) = f**2 + 164*f - 327. Give l(2).
5
Let w(y) = y**3 - 32*y**2 + 257*y - 19. What is w(14)?
51
Let i(t) = t**2 - 6*t + 96. What is i(6)?
96
Let o(a) = 3*a**3 + 331*a**2 + 105*a - 547. What is o(-110)?
3
Let a(n) = n**3 - 67*n**2 + 15*n - 970. Calculate a(67).
35
Let w(r) = r**2 - 21*r - 138. Determine w(23).
-92
Let u(c) = -c**3 + 7*c**2 - 9*c + 11. Determine u(5).
16
Let r(s) = -s**3 + 2*s**2 + 108*s + 140. Calculate r(12).
-4
Let h(o) = -o**3 - 134*o**2 - 108*o + 3258. What is h(-133)?
-67
Let z(k) = 6*k + 120. Determine z(-23).
-18
Let u(i) = 28*i**2 + 21*i + 45. Calculate u(-2).
115
Let y(i) = -90*i - 1247. Determine y(-11).
-257
Let r(q) = -3*q + 241. Give r(6).
223
Let w(t) = -16*t - 810. What is w(-60)?
150
Let k(l) = -2*l**3 + 8*l**2 + 7*l - 2. What is k(5)?
-17
Let m(u) = 31*u + 1165. Give m(-39).
-44
Let x(z) = z**3 - 7*z**2 - 60*z + 396. Calculate x(6).
0
Let k(p) = -2*p**2 + 305*p + 2711. What is k(161)?
-26
Let r(f) = -6*f**3 - 20*f**2 + 15*f + 16. Calculate r(-5).
191
Let u(p) = -89*p - 261. Calculate u(2).
-439
Let r(c) = -c**3 + 13*c**2 + 133*c - 20. Give r(-7).
29
Let k(l) = -5*l**3 - l**2 - 25*l - 26. Calculate k(-1).
3
Let r(m) = 8*m + 1002. What is r(-121)?
34
Let d(x) = 3*x**2 + 96*x - 627. Give d(6).
57
Let h(a) = -a**3 - 8*a**2 - 18*a - 22. Determine h(-6).
14
Let u(m) = m**3 - 4*m**2 + 86*m - 342. What is u(4)?
2
Let q(j) = -j**2 + 14*j - 17. Determine q(13).
-4
Let y(r) = r**2 - 2*r - 102. What is y(7)?
-67
Let q(i) = 12*i - 115. Give q(31).
257
Let t(n) = 183*n - 1366. Determine t(11).
647
Let l(b) = -75*b**2 - 174*b - 346. What is l(-2)?
-298
Let s(d) = -2861*d - 11